{"id":10440,"date":"2017-04-28T12:08:58","date_gmt":"2017-04-28T10:08:58","guid":{"rendered":"http:\/\/www.galeriecipango.fr\/?page_id=10440"},"modified":"2017-12-12T15:39:15","modified_gmt":"2017-12-12T14:39:15","slug":"jean-yves-gosti-biography","status":"publish","type":"page","link":"https:\/\/www.galeriecipango.fr\/en\/jean-yves-gosti-biography\/","title":{"rendered":"Jean-Yves Gosti biography"},"content":{"rendered":"<div class=\"wpb-content-wrapper\"><p>[vc_row][vc_column][vc_empty_space]<div class=\"title-center\"><div class=\"dt-title-wrapper section-title-small\"><h2 class=\"section-title\">Jean-Yves Gosti <\/h2><span class=\"section-line\"><\/span><h4 class=\"section-tagline\">Born in 1960<\/h4><\/div><\/div>[\/vc_column][\/vc_row][vc_row][vc_column width=&#8221;1\/2&#8243;][vc_column_text]<\/p>\n<h4>TRAINING<\/h4>\n<h5><b>1991 \u00a0 <\/b>Set up his studio in Pantin<\/h5>\n<h5><strong>1986 \u00a0 <\/strong>Assistant to Martine Boileau, a sculptress discovered by Germaine Richier<\/h5>\n<h5><b>1985 \u00a0 <\/b>Graduated from the \u00c9cole Nationale Sup\u00e9rieure des Arts Appliqu\u00e9s et des M\u00e9tiers d\u2019Art (ENSAAMA)<\/h5>\n<p>[\/vc_column_text][vc_separator align=&#8221;align_left&#8221; el_width=&#8221;30&#8243;][vc_column_text]<\/p>\n<h4>SOLO EXHIBITIONS<\/h4>\n<h5><strong>2016<br \/>\n<\/strong>Galerie Au-del\u00e0 des apparences, Annecy<br \/>\nColloque et Exposition de sculptures, l\u2019Apostrophe, Sc\u00e8ne Nationale,<br \/>\nCergy-Pontoise &amp; Val d\u2019Oise<\/h5>\n<h5><strong>2015<br \/>\n<\/strong>Galerie le Troisi\u00e8me \u0152il, Bordeaux<br \/>\nGalerie Danielle Bourdette, Honfleur<br \/>\nGalerie Anna Tschopp, Marseille<\/h5>\n<h5><strong>2013<br \/>\n<\/strong>Galerie Besseiche, Paris, Geneva<\/h5>\n<h5><strong>2012<br \/>\n<\/strong>Drawings, sculptures, L\u2019Usine \u00e0 Zabu, Saint-Germain-des-Angles (27)<\/h5>\n<h5><strong>2011<br \/>\n<\/strong>Parc Lef\u00e8vre Livry-Gargan<br \/>\nGalerie Anna Tschopp, Marseille<br \/>\nInt\u00e9rieur actuel, Rheims<\/h5>\n<h5><strong>2010<br \/>\n<\/strong>Galerie Municipale d\u2019Art Contemporain, Auvers sur Oise<\/h5>\n<h5><strong>2009<br \/>\n<\/strong>Galerie Daniel Besseiche, Paris,\u00a0Geneva<br \/>\nGalerie Eclat d\u2019art, Colmar<br \/>\nFer play, Parc de Cl\u00e8res (78)<\/h5>\n<h5><strong>2008<br \/>\n<\/strong>Galerie le Troisi\u00e8me oeil, Bordeaux<br \/>\nGalerie Recto\/Verso, Luxembourg<br \/>\nGalerie Eric Dumont, Troyes<br \/>\nGalerie Anna Tschopp, Marseille<br \/>\nGalerie Art pluriel, Lyon<br \/>\nGalerie Lisette Alibert, Paris<br \/>\nGalerie Slotine, Salon de Lille, Salon de Meg\u00e8ve, Salon Art\u00e9nime<\/h5>\n<p>[\/vc_column_text][vc_separator align=&#8221;align_left&#8221; el_width=&#8221;30&#8243;][vc_column_text]<\/p>\n<h4 class=\"column\">GROUP EXHIBITIONS<\/h4>\n<h5><strong>2017<br \/>\n<\/strong>Galerie Florence B., Ile de Noirmoutier<br \/>\nTerritoire d\u2019Expressions, Nantes<br \/>\nGalerie Christine Coulon, Li\u00e8ge<br \/>\nGalerie Van Der Planken, Antwerp<br \/>\nGalerie Estelle Lebas, summer show, Lille<\/h5>\n<div class=\"layoutArea\">\n<div class=\"column\">\n<h5><strong>2016<br \/>\n<\/strong>Galerie Audrey Marty, Saint-Malo<br \/>\nGalerie Slotine, St\u2019Art, Strasbourg<br \/>\nGalerie Izart, Pont-Aven<br \/>\nGalerie Eclat d\u2019art, Colmar<br \/>\nSalon de Paris 8e, Les M\u00e9tamorphoses du Corps, Orlan, Jean-Yves Gosti, Sophie Elbaz<br \/>\nGalerie Cipango, Paris<\/h5>\n<h5><strong>2015<br \/>\n<\/strong>ARKAN les Arts \u00e0 Caen, Primitivit\u00e9(s) Territoire d\u2019Expression, Paris<\/h5>\n<h5><strong>2014<br \/>\n<\/strong>L\u2019Usine \u00e0 Zabu, Saint-Germain-des-Angles (27) sculptors\u2019 special show<br \/>\nRegards intimes sur l\u2019\u0153uvre de Jean-Yves Gosti, Espace Jourdain Paris<br \/>\nTout Chahaignes en peinture (72), sculpture guest<br \/>\nTerritoire d\u2019Expressions, Paris, Nantes<br \/>\nGalerie Van der Planken, Salon de Toronto, Canada<br \/>\nBrut de trogne, portrait de l\u2019artiste Jean-Yves Gosti, documentary film by Franck Heslon, DVD\u00a0format<\/h5>\n<div class=\"page\" title=\"Page 2\">\n<div class=\"section\">\n<div class=\"layoutArea\">\n<h5><strong>2013<\/strong><br \/>\nPr\u00e9ault-du-Perche, Journ\u00e9es du Patrimoine<br \/>\nGalerie Izart, Pont Aven<br \/>\nTerritoire d\u2019Expressions, Impressions d\u2019artistes, Paris, Nantes<\/h5>\n<h5><strong>2012<\/strong><br \/>\nTerritoire d\u2019Expressions, Invit\u00e9 sp\u00e9cial, exposition Cobra Paris, Nantes<br \/>\nGosti\u2019s Friends, carte blanche \u00e0 Gosti, Galerie Tourgeville (14)<br \/>\nPrieur\u00e9 de Mantes<\/h5>\n<h5><strong>2011<\/strong><br \/>\nGalerie Slotine, St\u2019Art, Strasbourg<br \/>\nR\u00e9sidence d\u2019artiste au Mus\u00e9e des Arts Buissonniers, Saint-Sever-du-Moustier<\/h5>\n<h5><\/h5>\n<\/div>\n<div class=\"layoutArea\"><\/div>\n<\/div>\n<\/div>\n<\/div>\n<\/div>\n<p>[\/vc_column_text][\/vc_column][vc_column width=&#8221;1\/2&#8243;][vc_column_text]<\/p>\n<div class=\"column\">\n<h5><strong>2010<\/strong><br \/>\nOutsiders, Au-dessous des volcans, Mauriac (15) Salon Art Metz, Guest of honour<br \/>\nGalerie Eric Baudet, le Havre<br \/>\nGalerie Hans Persoon, Veldhoven (Netherlands)<br \/>\nCh\u00e2teau de Mme de Graffigny, Villers-les-Nancy (54)<br \/>\nGalerie Biz\u2019art biz\u2019art, Le Vaudioux (39)<\/h5>\n<h5><strong>2009<\/strong><br \/>\nAustralie\/France, Regards Crois\u00e9s, Espace Beaurepaire, Paris<br \/>\nGalerie Arts d\u2019Australie, Galerie Nathalie B\u00e9reau<\/h5>\n<h5><strong>2007<\/strong><br \/>\nGalerie Cupillard, Grenoble<br \/>\nArt Sculpture Space, Entre l\u2019Urbanisme et l\u2019Art, Shanga\u00ef Biz\u2019art, biz\u2019art, Le Vaudous<br \/>\nGalerie Hans Persoon, Veldhoven, Netherlands<br \/>\nWashington Art Fair, Galerie van der Planken, Antwerp<\/h5>\n<h5><strong>2006<br \/>\n<\/strong>Galerie \u00ab Le troisi\u00e8me \u0152il \u00bb, Bordeaux<br \/>\nGalerie Michael de Zutter, MDZ, Knokke<br \/>\nInt\u00e9rieur actuel, Rheims<br \/>\nGalerie Art Pluriel, Lyon<br \/>\nGalerie Van der Planken, Antwerp<br \/>\nGalerie Alibert, Paris (catalogue)<br \/>\nInvit\u00e9, Ville de Concarno<strong><br \/>\n<\/strong><\/h5>\n<h5><strong>2005<\/strong><br \/>\nSt\u2019Art, Galerie Slotine, Strasbourg<br \/>\nCarte blanche \u00e0 Nathalie B\u00e9reau, Galerie Jacques L\u00e9vy, Paris<br \/>\nArt mill\u00e9sime 2005, Champagne Devaux, Domaine de Villeneuve<br \/>\nSalon de Karlsruhe, Galerie Slotine<br \/>\nGalerie Hans Persoon, Veldhoven,\u00a0Netherlands<\/h5>\n<h5><strong>2004<br \/>\n<\/strong>Sculptures en Manche, 70 international sculptors<br \/>\n12 sculpteurs \u00e0 Altkirch<br \/>\nSalon St\u2019Art, Galerie Van Der Planken, Strasbourg<br \/>\nGalerie Slotine , St\u2019Art, Karlsruhe, Art Event<br \/>\nGalerie Art Actua, Le Mans<strong><br \/>\n<\/strong><\/h5>\n<h5><strong>2003<\/strong><br \/>\nHolland Art Fair, The\u00a0Hague<br \/>\nKlooster van de Karmel De Troost 2003, Vilvoorde, Belgium<br \/>\nGalerie van Der Planken, Antwerp<br \/>\nLineart Art Fair, Ghent<\/h5>\n<\/div>\n<div class=\"page\" title=\"Page 3\">\n<div class=\"section\">\n<div class=\"layoutArea\">\n<div class=\"column\">\n<h5><strong><br \/>\n2002<br \/>\n<\/strong>St\u2019Art, Strasbourg<br \/>\nLe Primitivisme Contemporain, Montlu\u00e7on Holland Art Fair, La Hague<br \/>\nKunst Rai Art Fair, Amsterdam<br \/>\nSalon de Rignac<br \/>\nArt\u00e9nim, Nimes<br \/>\nGalerie Hans Persoon, Veldhoven, Pays-Bas Int\u00e9rieurs Actuel, Rheims<br \/>\nGalerie Cupillard, Grenoble<br \/>\nLineart Art Fair, Ghent<\/h5>\n<h5><strong>2001<br \/>\n<\/strong>10 ans Galerie Van Der Planken, Antwerp<br \/>\nGalerie Nicole Buck, Strasbourg<br \/>\nSt\u2019Art, Strasbourg<br \/>\nGalerie Florence Touber, Paris<br \/>\nKunstrai Fair, Amsterdam<br \/>\nArt S\u00e9nat, Paris<br \/>\nArt Paris, Galerie Van der Planken<br \/>\nGalerie van der Planken, Lindstr\u00f6m &amp; Gosti, Antwerp<br \/>\nLineart Art Fair,\u00a0Ghent<\/h5>\n<h5><strong>2000<br \/>\n<\/strong>St\u2019Art, Strasbourg<br \/>\nGalerie Van Der Planken, Antwerp<br \/>\nSymposium, Kaiserslauteren, Germany<br \/>\nArten\u00efm, Nimes, France<br \/>\nGrenier des Artistes, Paris<br \/>\nArt Paris, Galerie Van Der Planken<br \/>\nLineart Art Fair, Galerie Van Der Planken, Ghent<\/h5>\n<h5><strong>1999<br \/>\n<\/strong>St\u2019Art, Strasbourg<br \/>\nGalerie L.O, Rennes<br \/>\nGalerie Nicole Buck, Strasbourg<br \/>\nInt\u00e9rieur actuel, Rheims<br \/>\nGalerie Wam, Caen<br \/>\nClassic Event, Galerie van Der Planken, Courtrai<\/h5>\n<h5><strong>1998<br \/>\n<\/strong>St\u2019Art, Galerie Slotine, Strasbourg<br \/>\nMaison Robert Schuman, Scy-Chazelles<br \/>\nGalerie Lisette Alibert, Paris<\/h5>\n<h5><strong>1997<br \/>\n<\/strong>Espace Jacquet, Mairie de Pantin<br \/>\nGalerie Maximillian, Aspen, Colorado<\/h5>\n<h5><strong>1996<br \/>\n<\/strong>Galerie 17, Clermont-Ferrand<br \/>\nGalerie Lisette Alibert, Paris<\/h5>\n<h5><strong>1995<br \/>\n<\/strong>Galerie Mobile, Paris Galerie Slotine, Le Havre<\/h5>\n<h5><strong>1993<br \/>\n<\/strong>Galerie EFTE, Paris<\/h5>\n<\/div>\n<\/div>\n<\/div>\n<\/div>\n<p>[\/vc_column_text][\/vc_column][\/vc_row][vc_row][vc_column][vc_btn title=&#8221;BACK&#8221; shape=&#8221;round&#8221; size=&#8221;sm&#8221; align=&#8221;right&#8221; link=&#8221;url:http%3A%2F%2Fwww.galeriecipango.fr%2Fen%2Fjean-yves-gosti-2%2F|||&#8221;][\/vc_column][\/vc_row]<\/p>\n<\/div>","protected":false},"excerpt":{"rendered":"<p>[vc_row][vc_column][vc_empty_space][\/vc_column][\/vc_row][vc_row][vc_column width=&#8221;1\/2&#8243;][vc_column_text] TRAINING 1991 \u00a0 Set up his studio in Pantin 1986 \u00a0 Assistant to Martine Boileau, a&#8230; <a class=\"excerpt-read-more\" href=\"https:\/\/www.galeriecipango.fr\/en\/jean-yves-gosti-biography\/\"><span>Continue Reading<\/span><\/a><\/p>\n","protected":false},"author":1,"featured_media":0,"parent":0,"menu_order":0,"comment_status":"closed","ping_status":"closed","template":"","meta":{"footnotes":""},"class_list":["post-10440","page","type-page","status-publish","hentry"],"_links":{"self":[{"href":"https:\/\/www.galeriecipango.fr\/en\/wp-json\/wp\/v2\/pages\/10440"}],"collection":[{"href":"https:\/\/www.galeriecipango.fr\/en\/wp-json\/wp\/v2\/pages"}],"about":[{"href":"https:\/\/www.galeriecipango.fr\/en\/wp-json\/wp\/v2\/types\/page"}],"author":[{"embeddable":true,"href":"https:\/\/www.galeriecipango.fr\/en\/wp-json\/wp\/v2\/users\/1"}],"replies":[{"embeddable":true,"href":"https:\/\/www.galeriecipango.fr\/en\/wp-json\/wp\/v2\/comments?post=10440"}],"version-history":[{"count":0,"href":"https:\/\/www.galeriecipango.fr\/en\/wp-json\/wp\/v2\/pages\/10440\/revisions"}],"wp:attachment":[{"href":"https:\/\/www.galeriecipango.fr\/en\/wp-json\/wp\/v2\/media?parent=10440"}],"curies":[{"name":"wp","href":"https:\/\/api.w.org\/{rel}","templated":true}]}}

<div class="wpb-content-wrapper"><p>[vc_row][vc_column][vc_empty_space]<div class="title-center"><div class="dt-title-wrapper section-title-small"><h2 class="section-title">Jean-Yves Gosti </h2><span class="section-line"></span><h4 class="section-tagline">Born in 1960</h4></div></div>[/vc_column][/vc_row][vc_row][vc_column width=&#8221;1/2&#8243;][vc_column_text]</p>
<h4>TRAINING</h4>
<h5><b>1991   </b>Set up his studio in Pantin</h5>
<h5><strong>1986   </strong>Assistant to Martine Boileau, a sculptress discovered by Germaine Richier</h5>
<h5><b>1985   </b>Graduated from the École Nationale Supérieure des Arts Appliqués et des Métiers d’Art (ENSAAMA)</h5>
<p>[/vc_column_text][vc_separator align=&#8221;align_left&#8221; el_width=&#8221;30&#8243;][vc_column_text]</p>
<h4>SOLO EXHIBITIONS</h4>
<h5><strong>2016<br />
</strong>Galerie Au-delà des apparences, Annecy<br />
Colloque et Exposition de sculptures, l’Apostrophe, Scène Nationale,<br />
Cergy-Pontoise &amp; Val d’Oise</h5>
<h5><strong>2015<br />
</strong>Galerie le Troisième Œil, Bordeaux<br />
Galerie Danielle Bourdette, Honfleur<br />
Galerie Anna Tschopp, Marseille</h5>
<h5><strong>2013<br />
</strong>Galerie Besseiche, Paris, Geneva</h5>
<h5><strong>2012<br />
</strong>Drawings, sculptures, L’Usine à Zabu, Saint-Germain-des-Angles (27)</h5>
<h5><strong>2011<br />
</strong>Parc Lefèvre Livry-Gargan<br />
Galerie Anna Tschopp, Marseille<br />
Intérieur actuel, Rheims</h5>
<h5><strong>2010<br />
</strong>Galerie Municipale d’Art Contemporain, Auvers sur Oise</h5>
<h5><strong>2009<br />
</strong>Galerie Daniel Besseiche, Paris, Geneva<br />
Galerie Eclat d’art, Colmar<br />
Fer play, Parc de Clères (78)</h5>
<h5><strong>2008<br />
</strong>Galerie le Troisième oeil, Bordeaux<br />
Galerie Recto/Verso, Luxembourg<br />
Galerie Eric Dumont, Troyes<br />
Galerie Anna Tschopp, Marseille<br />
Galerie Art pluriel, Lyon<br />
Galerie Lisette Alibert, Paris<br />
Galerie Slotine, Salon de Lille, Salon de Megève, Salon Arténime</h5>
<p>[/vc_column_text][vc_separator align=&#8221;align_left&#8221; el_width=&#8221;30&#8243;][vc_column_text]</p>
<h4 class="column">GROUP EXHIBITIONS</h4>
<h5><strong>2017<br />
</strong>Galerie Florence B., Ile de Noirmoutier<br />
Territoire d’Expressions, Nantes<br />
Galerie Christine Coulon, Liège<br />
Galerie Van Der Planken, Antwerp<br />
Galerie Estelle Lebas, summer show, Lille</h5>
<div class="layoutArea">
<div class="column">
<h5><strong>2016<br />
</strong>Galerie Audrey Marty, Saint-Malo<br />
Galerie Slotine, St’Art, Strasbourg<br />
Galerie Izart, Pont-Aven<br />
Galerie Eclat d’art, Colmar<br />
Salon de Paris 8e, Les Métamorphoses du Corps, Orlan, Jean-Yves Gosti, Sophie Elbaz<br />
Galerie Cipango, Paris</h5>
<h5><strong>2015<br />
</strong>ARKAN les Arts à Caen, Primitivité(s) Territoire d’Expression, Paris</h5>
<h5><strong>2014<br />
</strong>L’Usine à Zabu, Saint-Germain-des-Angles (27) sculptors’ special show<br />
Regards intimes sur l’œuvre de Jean-Yves Gosti, Espace Jourdain Paris<br />
Tout Chahaignes en peinture (72), sculpture guest<br />
Territoire d’Expressions, Paris, Nantes<br />
Galerie Van der Planken, Salon de Toronto, Canada<br />
Brut de trogne, portrait de l’artiste Jean-Yves Gosti, documentary film by Franck Heslon, DVD format</h5>
<div class="page" title="Page 2">
<div class="section">
<div class="layoutArea">
<h5><strong>2013</strong><br />
Préault-du-Perche, Journées du Patrimoine<br />
Galerie Izart, Pont Aven<br />
Territoire d’Expressions, Impressions d’artistes, Paris, Nantes</h5>
<h5><strong>2012</strong><br />
Territoire d’Expressions, Invité spécial, exposition Cobra Paris, Nantes<br />
Gosti’s Friends, carte blanche à Gosti, Galerie Tourgeville (14)<br />
Prieuré de Mantes</h5>
<h5><strong>2011</strong><br />
Galerie Slotine, St’Art, Strasbourg<br />
Résidence d’artiste au Musée des Arts Buissonniers, Saint-Sever-du-Moustier</h5>
<h5></h5>
</div>
<div class="layoutArea"></div>
</div>
</div>
</div>
</div>
<p>[/vc_column_text][/vc_column][vc_column width=&#8221;1/2&#8243;][vc_column_text]</p>
<div class="column">
<h5><strong>2010</strong><br />
Outsiders, Au-dessous des volcans, Mauriac (15) Salon Art Metz, Guest of honour<br />
Galerie Eric Baudet, le Havre<br />
Galerie Hans Persoon, Veldhoven (Netherlands)<br />
Château de Mme de Graffigny, Villers-les-Nancy (54)<br />
Galerie Biz’art biz’art, Le Vaudioux (39)</h5>
<h5><strong>2009</strong><br />
Australie/France, Regards Croisés, Espace Beaurepaire, Paris<br />
Galerie Arts d’Australie, Galerie Nathalie Béreau</h5>
<h5><strong>2007</strong><br />
Galerie Cupillard, Grenoble<br />
Art Sculpture Space, Entre l’Urbanisme et l’Art, Shangaï Biz’art, biz’art, Le Vaudous<br />
Galerie Hans Persoon, Veldhoven, Netherlands<br />
Washington Art Fair, Galerie van der Planken, Antwerp</h5>
<h5><strong>2006<br />
</strong>Galerie « Le troisième Œil », Bordeaux<br />
Galerie Michael de Zutter, MDZ, Knokke<br />
Intérieur actuel, Rheims<br />
Galerie Art Pluriel, Lyon<br />
Galerie Van der Planken, Antwerp<br />
Galerie Alibert, Paris (catalogue)<br />
Invité, Ville de Concarno<strong><br />
</strong></h5>
<h5><strong>2005</strong><br />
St’Art, Galerie Slotine, Strasbourg<br />
Carte blanche à Nathalie Béreau, Galerie Jacques Lévy, Paris<br />
Art millésime 2005, Champagne Devaux, Domaine de Villeneuve<br />
Salon de Karlsruhe, Galerie Slotine<br />
Galerie Hans Persoon, Veldhoven, Netherlands</h5>
<h5><strong>2004<br />
</strong>Sculptures en Manche, 70 international sculptors<br />
12 sculpteurs à Altkirch<br />
Salon St’Art, Galerie Van Der Planken, Strasbourg<br />
Galerie Slotine , St’Art, Karlsruhe, Art Event<br />
Galerie Art Actua, Le Mans<strong><br />
</strong></h5>
<h5><strong>2003</strong><br />
Holland Art Fair, The Hague<br />
Klooster van de Karmel De Troost 2003, Vilvoorde, Belgium<br />
Galerie van Der Planken, Antwerp<br />
Lineart Art Fair, Ghent</h5>
</div>
<div class="page" title="Page 3">
<div class="section">
<div class="layoutArea">
<div class="column">
<h5><strong><br />
2002<br />
</strong>St’Art, Strasbourg<br />
Le Primitivisme Contemporain, Montluçon Holland Art Fair, La Hague<br />
Kunst Rai Art Fair, Amsterdam<br />
Salon de Rignac<br />
Arténim, Nimes<br />
Galerie Hans Persoon, Veldhoven, Pays-Bas Intérieurs Actuel, Rheims<br />
Galerie Cupillard, Grenoble<br />
Lineart Art Fair, Ghent</h5>
<h5><strong>2001<br />
</strong>10 ans Galerie Van Der Planken, Antwerp<br />
Galerie Nicole Buck, Strasbourg<br />
St’Art, Strasbourg<br />
Galerie Florence Touber, Paris<br />
Kunstrai Fair, Amsterdam<br />
Art Sénat, Paris<br />
Art Paris, Galerie Van der Planken<br />
Galerie van der Planken, Lindström &amp; Gosti, Antwerp<br />
Lineart Art Fair, Ghent</h5>
<h5><strong>2000<br />
</strong>St’Art, Strasbourg<br />
Galerie Van Der Planken, Antwerp<br />
Symposium, Kaiserslauteren, Germany<br />
Artenïm, Nimes, France<br />
Grenier des Artistes, Paris<br />
Art Paris, Galerie Van Der Planken<br />
Lineart Art Fair, Galerie Van Der Planken, Ghent</h5>
<h5><strong>1999<br />
</strong>St’Art, Strasbourg<br />
Galerie L.O, Rennes<br />
Galerie Nicole Buck, Strasbourg<br />
Intérieur actuel, Rheims<br />
Galerie Wam, Caen<br />
Classic Event, Galerie van Der Planken, Courtrai</h5>
<h5><strong>1998<br />
</strong>St’Art, Galerie Slotine, Strasbourg<br />
Maison Robert Schuman, Scy-Chazelles<br />
Galerie Lisette Alibert, Paris</h5>
<h5><strong>1997<br />
</strong>Espace Jacquet, Mairie de Pantin<br />
Galerie Maximillian, Aspen, Colorado</h5>
<h5><strong>1996<br />
</strong>Galerie 17, Clermont-Ferrand<br />
Galerie Lisette Alibert, Paris</h5>
<h5><strong>1995<br />
</strong>Galerie Mobile, Paris Galerie Slotine, Le Havre</h5>
<h5><strong>1993<br />
</strong>Galerie EFTE, Paris</h5>
</div>
</div>
</div>
</div>
<p>[/vc_column_text][/vc_column][/vc_row][vc_row][vc_column][vc_btn title=&#8221;BACK&#8221; shape=&#8221;round&#8221; size=&#8221;sm&#8221; align=&#8221;right&#8221; link=&#8221;url:http%3A%2F%2Fwww.galeriecipango.fr%2Fen%2Fjean-yves-gosti-2%2F|||&#8221;][/vc_column][/vc_row]</p>
</div>
